{"id":256,"date":"2021-04-18T23:43:33","date_gmt":"2021-04-18T23:43:33","guid":{"rendered":"https:\/\/thekreativedesign.com\/barber\/?page_id=256"},"modified":"2021-04-19T22:54:38","modified_gmt":"2021-04-19T22:54:38","slug":"faq","status":"publish","type":"page","link":"https:\/\/thekreativedesign.com\/gym\/faq\/","title":{"rendered":"Faq"},"content":{"rendered":"\t\t<div data-elementor-type=\"wp-page\" data-elementor-id=\"256\" class=\"elementor elementor-256\" data-elementor-post-type=\"page\">\n\t\t\t\t\t\t<section class=\"elementor-section elementor-top-section elementor-element elementor-element-18630146 elementor-section-boxed elementor-section-height-default elementor-section-height-default\" data-id=\"18630146\" data-element_type=\"section\" data-settings=\"{&quot;background_background&quot;:&quot;classic&quot;}\">\n\t\t\t\t\t\t\t<div class=\"elementor-background-overlay\"><\/div>\n\t\t\t\t\t\t\t<div class=\"elementor-container elementor-column-gap-default\">\n\t\t\t\t\t<div class=\"elementor-column elementor-col-50 elementor-top-column elementor-element elementor-element-1cd79ae9 elementor-invisible\" data-id=\"1cd79ae9\" data-element_type=\"column\" data-settings=\"{&quot;animation&quot;:&quot;fadeInLeft&quot;}\">\n\t\t\t<div class=\"elementor-widget-wrap elementor-element-populated\">\n\t\t\t\t\t\t<div class=\"elementor-element elementor-element-6510252d pp-dual-heading-inline elementor-widget elementor-widget-pp-dual-heading\" data-id=\"6510252d\" data-element_type=\"widget\" data-widget_type=\"pp-dual-heading.default\">\n\t\t\t\t<div class=\"elementor-widget-container\">\n\t\t\t\t\t<h1 class=\"pp-dual-heading\"><span class=\"pp-first-text\">FAQ<\/span><\/h1>\t\t\t\t<\/div>\n\t\t\t\t<\/div>\n\t\t\t\t<div class=\"elementor-element elementor-element-636c3cb6 elementor-widget elementor-widget-text-editor\" data-id=\"636c3cb6\" data-element_type=\"widget\" data-widget_type=\"text-editor.default\">\n\t\t\t\t<div class=\"elementor-widget-container\">\n\t\t\t\t\t\t\t\t\t<p>Lorem ipsum dolor sit amet, consectetur adipiscing elit. Ut elit tellus, luctus nec ullamcorper mattis, pulvinar dapibus leo.<\/p>\t\t\t\t\t\t\t\t<\/div>\n\t\t\t\t<\/div>\n\t\t\t\t\t<\/div>\n\t\t<\/div>\n\t\t\t\t<div class=\"elementor-column elementor-col-50 elementor-top-column elementor-element elementor-element-11b7f77d\" data-id=\"11b7f77d\" data-element_type=\"column\">\n\t\t\t<div class=\"elementor-widget-wrap\">\n\t\t\t\t\t\t\t<\/div>\n\t\t<\/div>\n\t\t\t\t\t<\/div>\n\t\t<\/section>\n\t\t\t\t<section class=\"elementor-section elementor-top-section elementor-element elementor-element-24092165 elementor-section-boxed elementor-section-height-default elementor-section-height-default\" data-id=\"24092165\" data-element_type=\"section\" data-settings=\"{&quot;background_background&quot;:&quot;classic&quot;}\">\n\t\t\t\t\t\t<div class=\"elementor-container elementor-column-gap-default\">\n\t\t\t\t\t<div class=\"elementor-column elementor-col-100 elementor-top-column elementor-element elementor-element-3f3e886\" data-id=\"3f3e886\" data-element_type=\"column\">\n\t\t\t<div class=\"elementor-widget-wrap elementor-element-populated\">\n\t\t\t\t\t\t<div class=\"elementor-element elementor-element-52dd081 pp-dual-heading-inline elementor-widget elementor-widget-pp-dual-heading\" data-id=\"52dd081\" data-element_type=\"widget\" data-widget_type=\"pp-dual-heading.default\">\n\t\t\t\t<div class=\"elementor-widget-container\">\n\t\t\t\t\t<h2 class=\"pp-dual-heading\"><span class=\"pp-first-text\">Frequently <\/span><span class=\"pp-second-text\"> Asked Questions<\/span><\/h2>\t\t\t\t<\/div>\n\t\t\t\t<\/div>\n\t\t\t\t<section class=\"elementor-section elementor-inner-section elementor-element elementor-element-5206fae2 elementor-section-boxed elementor-section-height-default elementor-section-height-default\" data-id=\"5206fae2\" data-element_type=\"section\">\n\t\t\t\t\t\t<div class=\"elementor-container elementor-column-gap-default\">\n\t\t\t\t\t<div class=\"elementor-column elementor-col-33 elementor-inner-column elementor-element elementor-element-7d7343d3 elementor-invisible\" data-id=\"7d7343d3\" data-element_type=\"column\" data-settings=\"{&quot;animation&quot;:&quot;fadeInLeft&quot;}\">\n\t\t\t<div class=\"elementor-widget-wrap elementor-element-populated\">\n\t\t\t\t\t\t<div class=\"elementor-element elementor-element-5242149a elementor-widget elementor-widget-image\" data-id=\"5242149a\" data-element_type=\"widget\" data-widget_type=\"image.default\">\n\t\t\t\t<div class=\"elementor-widget-container\">\n\t\t\t\t\t\t\t\t\t\t\t\t\t\t\t<img fetchpriority=\"high\" decoding=\"async\" width=\"370\" height=\"616\" src=\"https:\/\/thekreativedesign.com\/gym\/wp-content\/uploads\/2021\/04\/Services.jpg\" class=\"attachment-full size-full wp-image-21\" alt=\"\" srcset=\"https:\/\/thekreativedesign.com\/gym\/wp-content\/uploads\/2021\/04\/Services.jpg 370w, https:\/\/thekreativedesign.com\/gym\/wp-content\/uploads\/2021\/04\/Services-180x300.jpg 180w\" sizes=\"(max-width: 370px) 100vw, 370px\" \/>\t\t\t\t\t\t\t\t\t\t\t\t\t\t\t<\/div>\n\t\t\t\t<\/div>\n\t\t\t\t\t<\/div>\n\t\t<\/div>\n\t\t\t\t<div class=\"elementor-column elementor-col-66 elementor-inner-column elementor-element elementor-element-2cf5f277\" data-id=\"2cf5f277\" data-element_type=\"column\" data-settings=\"{&quot;animation&quot;:&quot;none&quot;}\">\n\t\t\t<div class=\"elementor-widget-wrap elementor-element-populated\">\n\t\t\t\t\t\t<div class=\"elementor-element elementor-element-5b27923a elementor-widget elementor-widget-eael-adv-accordion\" data-id=\"5b27923a\" data-element_type=\"widget\" data-widget_type=\"eael-adv-accordion.default\">\n\t\t\t\t<div class=\"elementor-widget-container\">\n\t\t\t\t\t        <div class=\"eael-adv-accordion\" id=\"eael-adv-accordion-5b27923a\" data-scroll-on-click=\"no\" data-scroll-speed=\"300\" data-accordion-id=\"5b27923a\" data-accordion-type=\"toggle\" data-toogle-speed=\"300\">\n    <div class=\"eael-accordion-list\">\n                <div id=\"lorem-ipsum-dolor-sit-amet\" class=\"elementor-tab-title eael-accordion-header active-default\" tabindex=\"0\" data-tab=\"1\" aria-controls=\"elementor-tab-content-1521\"><h6 class=\"eael-accordion-tab-title\">Lorem ipsum dolor sit amet?<\/h6><i aria-hidden=\"true\" class=\"fa-toggle fas fa-caret-square-right\"><\/i><\/div><div id=\"elementor-tab-content-1521\" class=\"eael-accordion-content clearfix active-default\" data-tab=\"1\" aria-labelledby=\"lorem-ipsum-dolor-sit-amet\">Conte\u00fado tempor\u00e1rio. Voc\u00ea deve inserir o seu texto aqui! Lorem ipsum dolor sit amet, consectetur adipisicing elit. Optio, neque qui velit. Magni dolorum quidem ipsam eligendi, totam, facilis laudantium cum accusamus ullam voluptatibus commodi numquam, error, est. Ea, consequatur.<\/div>\n                <\/div><div class=\"eael-accordion-list\">\n                <div id=\"cras-hendrerit-auctor-dapibus\" class=\"elementor-tab-title eael-accordion-header\" tabindex=\"0\" data-tab=\"2\" aria-controls=\"elementor-tab-content-1522\"><h6 class=\"eael-accordion-tab-title\">Cras hendrerit auctor dapibus.?<\/h6><i aria-hidden=\"true\" class=\"fa-toggle fas fa-caret-square-right\"><\/i><\/div><div id=\"elementor-tab-content-1522\" class=\"eael-accordion-content clearfix\" data-tab=\"2\" aria-labelledby=\"cras-hendrerit-auctor-dapibus\">Conte\u00fado tempor\u00e1rio. Voc\u00ea deve inserir o seu texto aqui! Lorem ipsum dolor sit amet, consectetur adipisicing elit. Optio, neque qui velit. Magni dolorum quidem ipsam eligendi, totam, facilis laudantium cum accusamus ullam voluptatibus commodi numquam, error, est. Ea, consequatur.<\/div>\n                <\/div><div class=\"eael-accordion-list\">\n                <div id=\"donec-eget-nibh-eu-ligula-pretium-sagittis\" class=\"elementor-tab-title eael-accordion-header\" tabindex=\"0\" data-tab=\"3\" aria-controls=\"elementor-tab-content-1523\"><h6 class=\"eael-accordion-tab-title\">Donec eget nibh eu ligula pretium sagittis?<\/h6><i aria-hidden=\"true\" class=\"fa-toggle fas fa-caret-square-right\"><\/i><\/div><div id=\"elementor-tab-content-1523\" class=\"eael-accordion-content clearfix\" data-tab=\"3\" aria-labelledby=\"donec-eget-nibh-eu-ligula-pretium-sagittis\">Conte\u00fado tempor\u00e1rio. Voc\u00ea deve inserir o seu texto aqui! Lorem ipsum dolor sit amet, consectetur adipisicing elit. Optio, neque qui velit. Magni dolorum quidem ipsam eligendi, totam, facilis laudantium cum accusamus ullam voluptatibus commodi numquam, error, est. Ea, consequatur.<\/div>\n                <\/div><div class=\"eael-accordion-list\">\n                <div id=\"nulla-accumsan-nulla-at-vehicula\" class=\"elementor-tab-title eael-accordion-header\" tabindex=\"0\" data-tab=\"4\" aria-controls=\"elementor-tab-content-1524\"><h6 class=\"eael-accordion-tab-title\">Nulla accumsan, nulla at vehicula?<\/h6><i aria-hidden=\"true\" class=\"fa-toggle fas fa-caret-square-right\"><\/i><\/div><div id=\"elementor-tab-content-1524\" class=\"eael-accordion-content clearfix\" data-tab=\"4\" aria-labelledby=\"nulla-accumsan-nulla-at-vehicula\">Conte\u00fado tempor\u00e1rio. Voc\u00ea deve inserir o seu texto aqui! Lorem ipsum dolor sit amet, consectetur adipisicing elit. Optio, neque qui velit. Magni dolorum quidem ipsam eligendi, totam, facilis laudantium cum accusamus ullam voluptatibus commodi numquam, error, est. Ea, consequatur.<\/div>\n                <\/div><div class=\"eael-accordion-list\">\n                <div id=\"vestibulum-nec-mi-id-massa-blandit-varius-ut-ac-justo\" class=\"elementor-tab-title eael-accordion-header\" tabindex=\"0\" data-tab=\"5\" aria-controls=\"elementor-tab-content-1525\"><h6 class=\"eael-accordion-tab-title\">Vestibulum nec mi id massa blandit varius ut ac justo.?<\/h6><i aria-hidden=\"true\" class=\"fa-toggle fas fa-caret-square-right\"><\/i><\/div><div id=\"elementor-tab-content-1525\" class=\"eael-accordion-content clearfix\" data-tab=\"5\" aria-labelledby=\"vestibulum-nec-mi-id-massa-blandit-varius-ut-ac-justo\">Conte\u00fado tempor\u00e1rio. Voc\u00ea deve inserir o seu texto aqui! Lorem ipsum dolor sit amet, consectetur adipisicing elit. Optio, neque qui velit. Magni dolorum quidem ipsam eligendi, totam, facilis laudantium cum accusamus ullam voluptatibus commodi numquam, error, est. Ea, consequatur.<\/div>\n                <\/div><\/div>\t\t\t\t<\/div>\n\t\t\t\t<\/div>\n\t\t\t\t\t<\/div>\n\t\t<\/div>\n\t\t\t\t\t<\/div>\n\t\t<\/section>\n\t\t\t\t\t<\/div>\n\t\t<\/div>\n\t\t\t\t\t<\/div>\n\t\t<\/section>\n\t\t\t\t<\/div>\n\t\t","protected":false},"excerpt":{"rendered":"<p>FAQ Lorem ipsum dolor sit amet, consectetur adipiscing elit. Ut elit tellus, luctus nec ullamcorper mattis, pulvinar dapibus leo. Frequently Asked Questions Lorem ipsum dolor sit amet? Lorem ipsum dolor sit amet, consectetur adipisicing elit. Optio, neque qui velit. Magni dolorum quidem ipsam eligendi, totam, facilis laudantium cum accusamus ullam voluptatibus commodi numquam, error, est. [&hellip;]<\/p>\n","protected":false},"author":1,"featured_media":0,"parent":0,"menu_order":0,"comment_status":"closed","ping_status":"closed","template":"elementor_header_footer","meta":{"footnotes":""},"class_list":["post-256","page","type-page","status-publish","hentry"],"_links":{"self":[{"href":"https:\/\/thekreativedesign.com\/gym\/wp-json\/wp\/v2\/pages\/256","targetHints":{"allow":["GET"]}}],"collection":[{"href":"https:\/\/thekreativedesign.com\/gym\/wp-json\/wp\/v2\/pages"}],"about":[{"href":"https:\/\/thekreativedesign.com\/gym\/wp-json\/wp\/v2\/types\/page"}],"author":[{"embeddable":true,"href":"https:\/\/thekreativedesign.com\/gym\/wp-json\/wp\/v2\/users\/1"}],"replies":[{"embeddable":true,"href":"https:\/\/thekreativedesign.com\/gym\/wp-json\/wp\/v2\/comments?post=256"}],"version-history":[{"count":28,"href":"https:\/\/thekreativedesign.com\/gym\/wp-json\/wp\/v2\/pages\/256\/revisions"}],"predecessor-version":[{"id":574,"href":"https:\/\/thekreativedesign.com\/gym\/wp-json\/wp\/v2\/pages\/256\/revisions\/574"}],"wp:attachment":[{"href":"https:\/\/thekreativedesign.com\/gym\/wp-json\/wp\/v2\/media?parent=256"}],"curies":[{"name":"wp","href":"https:\/\/api.w.org\/{rel}","templated":true}]}}